{"id":304,"date":"2017-10-25T01:45:25","date_gmt":"2017-10-25T01:45:25","guid":{"rendered":"https:\/\/www.stepsamep.com.au\/?page_id=304"},"modified":"2026-02-25T11:27:52","modified_gmt":"2026-02-25T01:27:52","slug":"propos-na-oyo-etaleli-biso","status":"publish","type":"page","link":"https:\/\/www.stepsamep.com.au\/lin\/propos-na-oyo-etaleli-biso\/","title":{"rendered":"A propos na oyo etaleli  biso"},"content":{"rendered":"<div class=\"wpb-content-wrapper\">[vc_section][vc_row][vc_column width=&#8221;2\/3&#8243;][vc_column_text css=&#8221;.vc_custom_1771973398863{margin-bottom: 0px !important;}&#8221;]STEPS AMEP eteyaka monoko ya Lingelesi, boyebi kotanga mpe kokoma mpe mayele ya kotanga na banakelasi oyo bawutaka na bikolo koleka 50 na bisika kobanda na bisika ya bingumba mpe ya etuka kino na ba communaut\u00e9s ya mosika. Diversit\u00e9 ya ba \u00e9l\u00e8ves na biso mpe ba domaines diff\u00e9rents oyo to servicer ekomisi biso ba innovateurs ya formation personnalis\u00e9e oyo ezo r\u00e9pondre na ba environnements oyo tosalaka pe ba experts na kopesa formation oyo ekokani na ba besoins ya apprentissage ya ba \u00e9l\u00e8ves na biso, ba styles pe ba valeurs.<\/p>\n<p>Kopesa makanisi na biso na boyokani ya industrie mpe bopesi na ndenge ya kobongola ekokisaka mbano ya elonga mpo na banakelasi na biso. Tondimi ete na kotalaka bamposa ya bakiliya na biso, tokoki kopesa maboko malamu na avenir social mpe \u00e9conomique ya communaut\u00e9 mobimba.<\/p>\n<p>STEPS AMEP ezali na kati ya STEPS, ebongiseli oyo ezali koluka litomba te oyo ezwi mokano ya kosala bokeseni na kopesaka libaku.[\/vc_column_text][vc_single_image image=&#8221;2526&#8243; img_size=&#8221;full&#8221; alignment=&#8221;center&#8221;][\/vc_column][vc_column width=&#8221;1\/3&#8243;][vc_column_text css=&#8221;.vc_custom_1771973390714{margin-bottom: 0px !important;}&#8221;]\n<h2>Landela, pe zua ba sango ya STEPS<\/h2>\n[\/vc_column_text][mk_button dimension=&#8221;two&#8221; corner_style=&#8221;rounded&#8221; size=&#8221;medium&#8221; letter_spacing=&#8221;0&#8243; icon=&#8221;mk-icon-angle-right&#8221; icon_anim=&#8221;side&#8221; url=&#8221;https:\/\/study.wisenet.co\/stepsgroup\/contact&#8221; target=&#8221;_blank&#8221; nofollow=&#8221;true&#8221; fullwidth=&#8221;true&#8221; margin_top=&#8221;0&#8243; margin_bottom=&#8221;15&#8243; margin_right=&#8221;15&#8243;]Salel\u00e1 Lelo oyo[\/mk_button][\/vc_column][\/vc_row][\/vc_section]\n<\/div>","protected":false},"excerpt":{"rendered":"<p>[vc_section][vc_row][vc_column width=&#8221;2\/3&#8243;][vc_column_text css=&#8221;.vc_custom_1771973398863{margin-bottom: 0px !important;}&#8221;]STEPS AMEP eteyaka monoko ya Lingelesi, boyebi kotanga mpe kokoma mpe mayele ya kotanga na banakelasi oyo bawutaka na bikolo koleka 50 na bisika kobanda na bisika ya bingumba mpe ya etuka kino na ba communaut\u00e9s ya mosika. Diversit\u00e9 ya ba \u00e9l\u00e8ves na biso mpe ba domaines diff\u00e9rents oyo to servicer [&hellip;]<\/p>\n","protected":false},"author":13,"featured_media":0,"parent":0,"menu_order":0,"comment_status":"closed","ping_status":"closed","template":"","meta":{"footnotes":""},"class_list":["post-304","page","type-page","status-publish","hentry"],"_links":{"self":[{"href":"https:\/\/www.stepsamep.com.au\/lin\/wp-json\/wp\/v2\/pages\/304","targetHints":{"allow":["GET"]}}],"collection":[{"href":"https:\/\/www.stepsamep.com.au\/lin\/wp-json\/wp\/v2\/pages"}],"about":[{"href":"https:\/\/www.stepsamep.com.au\/lin\/wp-json\/wp\/v2\/types\/page"}],"author":[{"embeddable":true,"href":"https:\/\/www.stepsamep.com.au\/lin\/wp-json\/wp\/v2\/users\/13"}],"replies":[{"embeddable":true,"href":"https:\/\/www.stepsamep.com.au\/lin\/wp-json\/wp\/v2\/comments?post=304"}],"version-history":[{"count":6,"href":"https:\/\/www.stepsamep.com.au\/lin\/wp-json\/wp\/v2\/pages\/304\/revisions"}],"predecessor-version":[{"id":3889,"href":"https:\/\/www.stepsamep.com.au\/lin\/wp-json\/wp\/v2\/pages\/304\/revisions\/3889"}],"wp:attachment":[{"href":"https:\/\/www.stepsamep.com.au\/lin\/wp-json\/wp\/v2\/media?parent=304"}],"curies":[{"name":"wp","href":"https:\/\/api.w.org\/{rel}","templated":true}]}}